s -1101111100001 (base 2) in base 4?
-1233201
6aa (base 11) to base 15
3b6
What is 3104 (base 6) in base 4?
22300
Convert 433303 (base 5) to base 15.
45d8
Convert -bb94 (base 13) to base 14.
-9759
Convert -4233444 (base 5) to base 14.
-1bcc4
What is 3552 (base 6) in base 7?
2336
What is 17a (base 16) in base 15?
1a3
Convert -2422 (base 10) to base 11.
-1902
60a (base 11) to base 8
1340
What is -66ca (base 13) in base 6?
-150254
458 (base 13) to base 4
23231
Convert 1110010000 (base 2) to base 4.
32100
Convert 3a17 (base 11) to base 8.
12145
Convert 2c7 (base 16) to base 10.
711
2033 (base 6) to base 14
245
Convert 113440 (base 5) to base 8.
10225
Convert -2227 (base 13) to base 5.
-123030
-9c (base 15) to base 16
-93
Convert -1720 (base 8) to base 9.
-1304
Convert 6d2 (base 14) to base 9.
1771
6282 (base 9) to base 15
1575
Convert -2b7 (base 14) to base 8.
-1051
a58 (base 14) to base 12
121a
What is -12099 (base 10) in base 4?
-2331003
What is -332 (base 5) in base 9?
-112
What is 5156 (base 10) in base 13?
2468
1001100110110100 (base 2) to base 3
1222222100
-36d3 (base 14) to base 10
-9593
-44013 (base 11) to base 6
-1211502
Convert 1200002 (base 3) to base 7.
3356
What is 8cb (base 13) in base 4?
113233
Convert 1252 (base 6) to base 5.
2240
-1050 (base 8) to base 2
-1000101000
What is 4bc (base 13) in base 14?
435
What is -6a0 (base 16) in base 4?
-122200
Convert 121010 (base 4) to base 6.
11232
What is -12121 (base 3) in base 8?
-227
What is 5140 (base 7) in base 12?
1054
What is -111010000111001 (base 2) in base 16?
-7439
Convert 26143 (base 7) to base 12.
4024
Convert -156 (base 13) to base 16.
-f0
-113162 (base 7) to base 10
-20330
What is 2a85 (base 16) in base 7?
43510
2440 (base 5) to base 13
226
-11100100001 (base 2) to base 15
-81a
What is -20102111 (base 3) in base 5?
-122214
Convert -27305 (base 9) to base 4.
-10200221
Convert 1096 (base 12) to base 2.
11100110010
What is 621 (base 7) in base 16?
135
What is -4781 (base 9) in base 7?
-13240
2234 (base 7) to base 13
4a3
Convert -1000100000110010 (base 2) to base 7.
-203436
What is -4031 (base 9) in base 4?
-232000
Convert 60d (base 14) to base 7.
3316
What is -30315 (base 7) in base 9?
-11080
What is -4540 (base 8) in base 4?
-211200
Convert 11121 (base 8) to base 5.
122224
Convert 24163 (base 7) to base 8.
14174
What is 152021 (base 7) in base 2?
111001101001001
1536 (base 8) to base 15
3c7
-509 (base 10) to base 11
-423
Convert -348 (base 15) to base 11.
-616
Convert 221310 (base 4) to base 16.
a74
What is -294 (base 16) in base 10?
-660
Convert 3042 (base 12) to base 7.
21155
11101010111 (base 2) to base 16
757
-143554 (base 7) to base 3
-1102000211
What is -10011111101110 (base 2) in base 6?
-115154
Convert 591c (base 13) to base 15.
3aa6
What is a91 (base 11) in base 15?
5c5
What is 20a5 (base 14) in base 4?
1120001
Convert -446d (base 15) to base 16.
-38a7
Convert 101011100101000 (base 2) to base 3.
1010121101
-1331 (base 4) to base 14
-8d
Convert 1531 (base 8) to base 4.
31121
What is 110010000010 (base 2) in base 3?
11101121
Convert -1898 (base 10) to base 7.
-5351
Convert -636 (base 10) to base 3.
-212120
What is -200101 (base 3) in base 14?
-276
922 (base 12) to base 7
3566
Convert -434103 (base 6) to base 11.
-24a72
-10121201211 (base 3) to base 2
-10001011001010000
What is -2022010 (base 3) in base 11?
-1295
Convert 1095 (base 16) to base 4.
1002111
Convert -16024 (base 7) to base 4.
-1011331
-21464 (base 8) to base 16
-2334
179 (base 14) to base 7
612
What is 23de (base 15) in base 14?
2ad4
Convert -326 (base 16) to base 6.
-3422
Convert -2100111220 (base 3) to base 14.
-12c34
12432 (base 5) to base 3
1100202
-111111110 (base 2) to base 11
-424
Convert 11110011010 (base 2) to base 16.
79a
22012 (base 7) to base 6
41241
Convert -551420 (base 6) to base 4.
-23022210
Convert 12212 (base 8) to base 7.
21221
-28a (base 15) to base 4
-21010
111100110 (base 2) to base 3
200000
Convert -daa (base 16) to base 5.
-102443
What is 5aa (base 15) in base 5?
20120
Convert -143031 (base 5) to base 10.
-6016
-2023 (base 6) to base 5
-3242
101 (base 12) to base 2
10010001
-300 (base 6) to base 12
-90
Convert 339 (base 14) to base 3.
212200
-17867 (base 12) to base 13
-12673
Convert 108b (base 12) to base 5.
24320
What is -2a9 (base 12) in base 2?
-110100001
What is -13321 (base 4) in base 8?
-771
-160 (base 16) to base 15
-187
-2b46 (base 16) to base 15
-3438
-1320 (base 6) to base 15
-176
Convert -1624 (base 7) to base 8.
-1217
What is 554 (base 12) in base 8?
1420
-8a8 (base 11) to base 2
-10000111110
Convert -1001000011 (base 2) to base 13.
-357
-202220222 (base 3) to base 13
-6c35
110111 (base 4) to base 5
20201
Convert 1013b (base 14) to base 9.
58031
-5051 (base 7) to base 6
-12035
Convert 4b (base 13) to base 12.
53
Convert -1255 (base 7) to base 14.
-265
What is -24251 (base 8) in base 7?
-42230
Convert -100101001011011 (base 2) to base 11.
-13335
-15717 (base 9) to base 15
-32e4
122310 (base 4) to base 10
1716
Convert -1101010010111 (base 2) to base 10.
-6807
What is d2d (base 15) in base 10?
2968
What is 103220 (base 5) in base 6?
24252
-1b42 (base 15) to base 5
-142122
Convert 451416 (base 7) to base 13.
2a414
What is 120133 (base 5) in base 9?
6048
What is -11541 (base 8) in base 6?
-34545
Convert -ad (base 15) to base 16.
-a3
Convert -1081 (base 10) to base 12.
-761
What is 1010011001111111 (base 2) in base 16?
a67f
-23131 (base 6) to base 2
-110011011111
Convert -111220 (base 3) to base 8.
-567
What is -64363 (base 9) in base 7?
-235101
What is -41a (base 13) in base 10?
-699
What is 7a (base 14) in base 4?
1230
What is 2a9 (base 14) in base 15?
261
-4041 (base 5) to base 8
-1011
-376 (base 14) to base 7
-2006
-102101 (base 3) to base 9
-371
What is 2a8c (base 14) in base 7?
31035
510 (base 9) to base 10
414
Convert 2434 (base 8) to base 14.
696
2d5 (base 16) to base 13
43a
1056 (base 8) to base 15
273
What is -122120 (base 3) in base 14?
-25c
385e (base 16) to base 11
a929
Convert -239e (base 15) to base 10.
-7574
-34343 (base 9) to base 10
-22881
What is -202020 (base 3) in base 5?
-4141
What is d23e (base 15) in base 5?
2410014
Convert -110011010111 (base 2) to base 15.
-e92
What is -130201 (base 5) in base 2?
-1001110111011
What is 104214 (base 5) in base 4?
321210
Convert 107 (base 9) to base 16.
58
-67c (base 16) to base 5
-23120
Convert 501 (base 14) to base 11.
812
364 (base 10) to base 5
2424
-10567 (base 9) to base 7
-26326
-c12 (base 15) to base 16
-a9d
Convert 25213 (base 8) to base 9.
15841
Convert 6304 (base 11) to base 15.
271d
Convert -263c (base 16) to base 14.
-37d2
Convert 240 (base 13) to base 10.
390
14113 (base 11) to base 12
b770
What is -107701 (base 8) in base 4?
-20333001
Convert 14b (base 14) to base 8.
407
What is -132 (base 16) in base 9?
-370
Convert -1139 (base 11) to base 13.
-8ac
565 (base 7) to base 4
10210
Convert 2330 (base 9) to base 2.
11011000000
-3643 (base 9) to base 7
-10623
Convert -45511 (base 6) to base 15.
-1da1
What is -1102 (base 13) in base 16?
-940
What is 1313234 (base 5) in base 3?
1022202112
Convert -388 (base 13) to base 11.
-513
-c152 (base 15) to base 6
-512522
What is 12c4 (base 15) in base 12?
23a1
Convert 37800 (base 12) to base 15.
17556
Convert 70b4 (base 15) to base 10.
23794
What is 26616 (base 9) in base 10?
17997
Convert 120 (base 4) to base 16.
18
Convert a467 (base 13) to base 15.
6b06
21103321 (base 4) to base 2
1001010011111001
Convert -142 (base 9) to base 3.
-11102
What is -1255 (base 8) in base 10?
-685
3714 (base 8) to base 4
133030
What is 7357 (base 8) in base 13?
1981
Convert 11111000001 (base 2) to base 7.
5534
Convert 13113 (base 10) to base 16.
3339
44013 (base 5) to base 2
101111000000
Convert -85fa (base 16) to base 5.
-2044143
Convert -10233211 (base 4) to base 12.
-b2b1
Convert -1202311 (base 4) to base 9.
-8607
-246 (base 10) to base 9
-303
-1063 (base 11) to base 16
-578
What is -11200201 (base 3) in base 2?
-110101011101
Convert -2322a (base 11) to base 12.
-174b9
What is 5633 (base 9) in base 7?
15063
Convert -1101010101 (base 2) to base 5.
-11403
What is -793 (base 10) in base 5?
-11133
-202002 (base 3) to base 2
-1000011110
Convert -13693 (base 11) to base 15.
-5b77
Convert 100010